 59 = i + 2*n, -i + 0*n - 4*n + u = 0. Let a = -22 - -33. Calculate the greatest common divisor of a and i.
11
Let m(s) = -25*s**3 + 3*s**2 + 13*s. Let i be m(-2). What is the highest common factor of i and 124?
62
Let l(m) = -6*m**3 + 11*m**2 + 28*m + 3. Let i be l(-4). What is the greatest common factor of 11 and i?
11
Let u(x) = -5*x**2 + 18*x - 22. Let c(b) = -6*b**2 + 19*b - 23. Let i(v) = 6*c(v) - 7*u(v). Let p be i(-13). Calculate the highest common factor of 9 and p.
3
Suppose -2*l - 1 + 2 = g, 4*l - 27 = 3*g. What is the highest common divisor of l and 156?
3
Let y(n) = -n**2 - 25*n - 94. Let d be y(-20). Calculate the highest common divisor of d and 24.
6
Suppose p - 22 = 4*j, -4*p + 20 = -3*j - 55. Let v be (-1353)/(-24) - 2 - (-6)/(-16). What is the highest common factor of p and v?
18
Let d = 29 - 3. Suppose -4*m = 23*m - 1755. What is the highest common factor of d and m?
13
Let s(o) = o**3 + 24*o**2 - 28*o - 63. Let x be s(-25). Calculate the highest common factor of x and 852.
12
Let y be ((-4)/6)/(6/54). Let w be y/4*(-180)/27. Calculate the greatest common factor of 4 and w.
2
Let n be 238/2*(0 + 72/84). Calculate the highest common divisor of n and 18.
6
Suppose -16*d - 7*d = -621. Let y(t) = 2*t. Let q be y(3). Let c be q/4*(0 + 2). Calculate the highest common divisor of c and d.
3
Let k(u) = 0*u**2 + 1 + 2*u**2 - 2*u - 9*u**3 + 27*u**3. Let n be k(1). Let z = 29 - n. Calculate the greatest common divisor of z and 25.
5
Suppose 2*o = -3*o + 3*b + 120, 0 = 3*o - 4*b - 83. Suppose 4*x - 382 = -2*i, -5*i + 9*x - 4*x = -940. What is the highest common factor of o and i?
21
Let b be 23/((-184)/(-420))*28/5. What is the greatest common factor of b and 21?
21
Suppose -3*t - 3 + 630 = 0. What is the greatest common factor of t and 11?
11
Suppose 36*w = -2160 + 9648. What is the highest common factor of 156 and w?
52
Suppose 0 = 12*i - 9*i - 21. Let x(v) = 3*v - 17. Let h be x(i). What is the greatest common divisor of 12 and h?
4
Let r(g) = 3*g + 8. Let t be r(-2). Suppose s + 60 = t*s. What is the greatest common factor of s and 15?
15
Suppose -4*v + 5*k + 228 = 7*k, -5*v + 5*k = -270. What is the greatest common divisor of 14 and v?
14
Let z(h) = 132*h**2 - 5*h + 4. Let y be z(3). Calculate the greatest common divisor of y and 55.
11
Suppose 81 + 89 = 2*w + 4*o, 3*w - 253 = -5*o. Calculate the highest common divisor of 189 and w.
27
Let a(m) = -m**2 + 11*m. Suppose 3*r - 9 = 2*r. Let q be a(r). Let i = -79 + 88. Calculate the greatest common divisor of q and i.
9
Suppose 4*o + 12 = 0, -3*r + 1006 = r + 2*o. Calculate the greatest common factor of r and 22.
11
Let j be ((-172)/14 - 4/(-14))*-1. Suppose 11*w = j*w - 62. What is the highest common factor of 31 and w?
31
Suppose 98 = 4*y - 2*s, 0 = 3*y + s - 26 - 55. What is the greatest common factor of 3562 and y?
26
Let l(j) = -11*j + 242. Let n be l(-13). What is the greatest common divisor of n and 175?
35
Suppose 5*u + 5*h - 575 = 0, -3*u = 2*h - 8*h - 336. What is the greatest common divisor of u and 1102?
38
Let n(i) = 10*i**3 - 4*i**2 + 26*i - 80. Let j be n(3). Calculate the highest common factor of j and 32.
8
Let d = -673 - -713. What is the highest common factor of 310 and d?
10
Let s be (-20)/(-8)*(-4 + (6 - -14)). Calculate the greatest common factor of s and 25.
5
Suppose -15*p + 18*p + 24 = 3*c, p = 4*c - 29. Let m(w) = 7 + 0*w**2 - w**2 + 0*w**2 - w. Let t be m(0). Calculate the highest common factor of t and c.
7
Let u = 249 + -123. What is the greatest common divisor of 28 and u?
14
Suppose 4*z + w - 2*w = 5, 0 = 5*z - 5*w - 25. Suppose z = 5*j - 7 - 43. What is the highest common divisor of j and 90?
10
Let y(x) = -x + 12. Let q be y(10). Suppose 0*p - 4 = f + 4*p, 0 = f - q*p - 14. Calculate the highest common divisor of 12 and f.
4
Let k(u) = u**3 + 7*u**2 - 8*u + 9. Let l be k(-8). Let q = 18 + l. Suppose 7*n - q = 4*n. What is the highest common divisor of n and 3?
3
Suppose 0 = -5*s - 5*t - 5, 3 = s - 3*t. Suppose -6*o + 2*o + 80 = s. What is the greatest common factor of o and 100?
20
Suppose 5*y = 18 + 22. Suppose 4*j + 2 = 14. Let x = y + j. Calculate the highest common factor of 22 and x.
11
Let c(b) = 35*b - 4. Let d be c(2). Suppose 0 = a - 0 - 6. Calculate the highest common factor of d and a.
6
Suppose 2*b - 8 = -2*b. Let c(r) = 4*r**3 - 3*r**2 + r - 1. Let d be c(b). Let q = d + -15. Calculate the greatest common factor of q and 54.
6
Let i(a) be the first derivative of a**3/3 + 10*a + 22. Let u be i(0). What is the greatest common divisor of 20 and u?
10
Let c be 21*(249/63 - (-1)/3). Calculate the highest common divisor of 162 and c.
18
Let l(o) = o**2 + o - 6. Let p be l(-4). Suppose -7*z + 16 = -5*z. Let m = z - p. Calculate the highest common divisor of m and 3.
1
Suppose 0*h - 5*h + 5*u = -445, -h + 3*u = -87. Suppose -4*f + 15 = -25. Calculate the greatest common divisor of f and h.
10
Let y(p) = -p + 17. Let a = -12 + 24. Let d be y(a). Suppose 0 = 3*j - d*j + 256. Calculate the greatest common divisor of j and 32.
32
Suppose m = -6*y + y + 19, -4*y = 4*m - 28. Let k(c) = 83*c - 2. Let u be k(m). What is the greatest common factor of 30 and u?
30
Suppose -120 = -4*y + 2*z, 32 = -y + 2*y - z. Let l(x) = -x + 11. Let r be l(4). Calculate the highest common divisor of y and r.
7
Let t be ((-15)/(-10))/((-3)/6). Let p be 10/t*12/(-5). Calculate the highest common divisor of p and 1.
1
Let m = 81 - 288. Let y(c) = c**3 - 8*c**2 - 6. Let v be y(5). Let q = v - m. What is the greatest common factor of q and 18?
18
Let c = 1458 - 1454. What is the greatest common factor of c and 88?
4
Suppose 2*f + 3*k = 125, -2*k + 31 - 225 = -3*f. Let b = -2502 + 2518. Calculate the highest common factor of b and f.
16
Let p(u) = -u**2 - 10*u - 6. Let o be p(-9). Let b be 66 + (o - (-1 - -7)). Let t be 8/20 - 2288/(-55). What is the highest common divisor of t and b?
21
Suppose -16 = -q - v, 3*q - 4*q + 3*v = 0. What is the highest common divisor of q and 1098?
6
Let u be -4*-2*1/2. Let m(o) = -o**2 - o**3 - 2*o**2 - 3 + 6*o**2 + 2*o + o**2. Let y be m(u). Calculate the highest common factor of y and 5.
5
Let t(f) = 42*f**2 - 7*f + 12. Let w be t(1). Calculate the greatest common factor of 94 and w.
47
Let v = -1387 - -1399. Calculate the greatest common divisor of 150 and v.
6
Suppose -3*x = b + b + 12, 0 = -5*b - x - 4. Suppose -4*u + 11 + 25 = b. Let v be (0 - -2)*(u + -8). Calculate the highest common factor of v and 14.
2
Suppose 2*r - 5*s + 101 = 396, 706 = 5*r - 2*s. Suppose -311 = -5*t + c - 112, 4*t + 4*c - r = 0. What is the highest common divisor of 13 and t?
13
Let t = 34 - 33. Let j be 68*t + (-6 - -3 - -1). Suppose 10 = -5*q, 5*d = -3*q + 4*q + 222. What is the greatest common divisor of j and d?
22
Let s be (-18)/6 - (-96 + -2). What is the greatest common divisor of 2375 and s?
95
Let u(c) = -c**3 + 6*c**2 - 4*c - 2. Let m be u(4). Suppose t + 3*l = 5, 2*t + 6*l = l + 13. What is the greatest common factor of t and m?
14
Let f be (-188)/(-20) - (-8)/(-20). Let u be (-505)/(-6) - f/54. What is the highest common divisor of 42 and u?
42
Suppose 0*a + 5*a - 5*m = -240, 5*a + 243 = 4*m. Let w = a - -12. Let x = w + 69. Calculate the highest common factor of x and 75.
15
Suppose -980*t + 975*t + 1665 = 0. Calculate the greatest common divisor of t and 9.
9
Suppose f - 9*f + 20584 = 0. What is the greatest common factor of f and 83?
83
Let x be (-3)/(-12) + 15681/12. Suppose 2917 = 11*g - x. Calculate the greatest common divisor of g and 48.
48
Let u = -108 + -465. Let x be u/(-9) + 12/9. Calculate the greatest common factor of x and 13.
13
Let n be 11/(-33)*(-9 - 0). Calculate the greatest common factor of 27 and n.
3
Suppose -3*a + 2*a = -14. Suppose -a*t + 18 = -12*t. Suppose f = 4*f - 54. What is the greatest common factor of t and f?
9
Let q(d) be the second derivative of 5*d**3/6 - 2*d**2 + 6*d. Let k be q(7). Suppose -k = -h - 7. Calculate the highest common factor of 6 and h.
6
Let t(s) = 5*s + 0 - s + 6 - 3*s. Let d be t(-11). Let k = -4 - d. What is the greatest common factor of k and 11?
1
Let o be (-2136)/(-54) - (-16)/36. What is the greatest common divisor of 40 and o?
40
Suppose -2*o - 309 = -5*o + 3*q, 0 = -q + 5. Suppose -4*z - o =